{"id":778,"date":"2018-06-29T17:10:26","date_gmt":"2018-06-29T20:10:26","guid":{"rendered":"https:\/\/isfd167-bue.infd.edu.ar\/sitio\/ubicacion\/"},"modified":"2022-10-31T15:05:06","modified_gmt":"2022-10-31T18:05:06","slug":"ubicacion","status":"publish","type":"page","link":"https:\/\/isfd167-bue.infd.edu.ar\/sitio\/ubicacion\/","title":{"rendered":"Ubicaci\u00f3n"},"content":{"rendered":"<p style=\"text-align: center;\"><img decoding=\"async\" loading=\"lazy\" class=\"alignnone size-full wp-image-1041\" src=\"https:\/\/isfd167-bue.infd.edu.ar\/sitio\/wp-content\/uploads\/2022\/10\/Sin-titulo.jpg\" alt=\"\" width=\"755\" height=\"545\" \/><\/p>\n<p style=\"text-align: center;\"><small><a style=\"color: #0000ff; text-align: left;\" href=\"http:\/\/maps.google.com\/maps?source=embed&amp;hl=es&amp;geocode=&amp;q=isfd+n%C2%BA+167&amp;sll=37.0625,-95.677068&amp;sspn=33.077336,78.662109&amp;ie=UTF8&amp;hq=isfd+n%C2%BA+167&amp;radius=15000.000000&amp;split=1&amp;hnear=&amp;ll=-38.376325,-60.276139&amp;spn=7.133298,4.040794&amp;t=f&amp;ecpose=-38.37695525,-60.27595672,210.82,0,35.997,0\">Ver mapa m\u00e1s grande<\/a><\/small><\/p>\n<p style=\"text-align: justify;\"><span style=\"font-size: 10pt;\"><span style=\"font-family: verdana,geneva;\"><span style=\"color: #0000ff;\"><strong><em><span style=\"text-decoration: underline;\">Distrito<\/span><\/em><\/strong><\/span>: Tres Arroyos\u00a0<\/span><\/span><\/p>\n<p style=\"text-align: justify;\"><span style=\"font-size: 10pt;\"><span style=\"font-family: verdana,geneva;\"><span style=\"text-decoration: underline;\"><em><strong><span style=\"color: #0000ff; text-decoration: underline;\">Direcci\u00f3n<\/span>:<\/strong><\/em><\/span> Pasaje Dameno 50\u00a0\u00a0<\/span><\/span><\/p>\n<p style=\"text-align: justify;\"><span style=\"font-family: verdana,geneva;\"><span style=\"font-size: 10pt;\"><span style=\"color: #0000ff;\"><em><strong><span style=\"font-size: 12pt;\">Ubicaci\u00f3n geogr\u00e1fica<\/span><\/strong><\/em><span style=\"font-size: 12pt;\">:<\/span><\/span> el partido de Tres Arroyos, est\u00e1 ubicado en el Sur- Este de la Provincia de Buenos Aires; dividido en 12 cuarteles, que hacen una superficie total de 553.609 has.<br \/>Abarca una extensa llanura levemente ondulada a unos 108 mts. de altura sobre el nivel del mar y separada del Oc\u00e9ano Atl\u00e1ntico por una cadena medanosa de unos 100 mts de ancho por caso 90 mts de largo.<br \/><\/span><\/span><strong style=\"font-family: verdana, geneva; font-size: 10pt;\"><em><span style=\"font-size: 12pt;\"><span style=\"color: #0000ff;\">Datos generales<\/span><\/span><\/em><\/strong><\/p>\n<p style=\"text-align: justify; padding-left: 60px;\"><span style=\"font-size: 10pt;\"><span style=\"font-family: verdana,geneva;\"><img decoding=\"async\" title=\"Vi\u00f1eta l\u00e1piz verde\" src=\"https:\/\/isfd167-bue.infd.edu.ar\/sitio\/wp-content\/uploads\/2018\/06\/lapiz_verde.gif\" alt=\"Vi\u00f1eta l\u00e1piz verde\" border=\"0\" \/>Regi\u00f3n: XXI<br \/><img decoding=\"async\" title=\"Vi\u00f1eta l\u00e1piz verde\" src=\"https:\/\/isfd167-bue.infd.edu.ar\/sitio\/wp-content\/uploads\/2018\/06\/lapiz_verde.gif\" alt=\"Vi\u00f1eta l\u00e1piz verde\" border=\"0\" \/>Distrito: Tres Arroyos<br \/><img decoding=\"async\" title=\"Vi\u00f1eta l\u00e1piz verde\" src=\"https:\/\/isfd167-bue.infd.edu.ar\/sitio\/wp-content\/uploads\/2018\/06\/lapiz_verde.gif\" alt=\"Vi\u00f1eta l\u00e1piz verde\" border=\"0\" \/>Instituto: N\u00ba 167<br \/><img decoding=\"async\" title=\"Vi\u00f1eta l\u00e1piz verde\" src=\"https:\/\/isfd167-bue.infd.edu.ar\/sitio\/wp-content\/uploads\/2018\/06\/lapiz_verde.gif\" alt=\"Vi\u00f1eta l\u00e1piz verde\" border=\"0\" \/>Inspectora: Prof. Noelia Gervasio<\/span><\/span><\/p>\n\n\n<p><\/p>\n","protected":false},"excerpt":{"rendered":"<p>Ver mapa m\u00e1s grande Distrito: Tres Arroyos\u00a0 Direcci\u00f3n: Pasaje Dameno 50\u00a0\u00a0 Ubicaci\u00f3n geogr\u00e1fica: el partido de Tres Arroyos, est\u00e1 ubicado en el Sur- Este de la Provincia de Buenos Aires; dividido en 12 cuarteles, que hacen una superficie total de 553.609 has.Abarca una extensa llanura levemente ondulada a unos 108 mts. de altura sobre el &#8230; <a title=\"Ubicaci\u00f3n\" class=\"read-more\" href=\"https:\/\/isfd167-bue.infd.edu.ar\/sitio\/ubicacion\/\" aria-label=\"More on Ubicaci\u00f3n\">[+]<\/a><\/p>\n","protected":false},"author":400,"featured_media":0,"parent":0,"menu_order":0,"comment_status":"closed","ping_status":"closed","template":"","meta":[],"acf":[],"_links":{"self":[{"href":"https:\/\/isfd167-bue.infd.edu.ar\/sitio\/wp-json\/wp\/v2\/pages\/778"}],"collection":[{"href":"https:\/\/isfd167-bue.infd.edu.ar\/sitio\/wp-json\/wp\/v2\/pages"}],"about":[{"href":"https:\/\/isfd167-bue.infd.edu.ar\/sitio\/wp-json\/wp\/v2\/types\/page"}],"author":[{"embeddable":true,"href":"https:\/\/isfd167-bue.infd.edu.ar\/sitio\/wp-json\/wp\/v2\/users\/400"}],"replies":[{"embeddable":true,"href":"https:\/\/isfd167-bue.infd.edu.ar\/sitio\/wp-json\/wp\/v2\/comments?post=778"}],"version-history":[{"count":3,"href":"https:\/\/isfd167-bue.infd.edu.ar\/sitio\/wp-json\/wp\/v2\/pages\/778\/revisions"}],"predecessor-version":[{"id":1044,"href":"https:\/\/isfd167-bue.infd.edu.ar\/sitio\/wp-json\/wp\/v2\/pages\/778\/revisions\/1044"}],"wp:attachment":[{"href":"https:\/\/isfd167-bue.infd.edu.ar\/sitio\/wp-json\/wp\/v2\/media?parent=778"}],"curies":[{"name":"wp","href":"https:\/\/api.w.org\/{rel}","templated":true}]}}