{"id":1498,"date":"2024-09-01T10:06:37","date_gmt":"2024-09-01T13:06:37","guid":{"rendered":"https:\/\/isfd167-bue.infd.edu.ar\/sitio\/?page_id=1498"},"modified":"2026-01-29T13:42:11","modified_gmt":"2026-01-29T16:42:11","slug":"inscripcion-mesas-de-examen","status":"publish","type":"page","link":"https:\/\/isfd167-bue.infd.edu.ar\/sitio\/inscripcion-mesas-de-examen\/","title":{"rendered":"Inscripci\u00f3n mesas de examen"},"content":{"rendered":"\n<p class=\"has-text-align-center has-accent-color has-text-color\">MESAS DE EXAMEN TURNO FEBRERO 2026<\/p>\n\n\n\n<h1 class=\"wp-block-heading has-text-align-center\"><strong>Desde el 02 DE FEBRERO AL 6 DE FEBRERO<\/strong><\/h1>\n\n\n\n<p class=\"has-text-align-center has-accent-color has-text-color\">IMPORTANTE!!!<\/p>\n\n\n\n<div class=\"wp-block-buttons is-layout-flex\">\n<div class=\"wp-block-button\"><a class=\"wp-block-button__link wp-element-button\" href=\"https:\/\/drive.google.com\/drive\/u\/1\/folders\/1ZV4Tyx0JRxDXmITRI5U6ncGx3gBeBFuc\">Acceso a cronograma de mesas por carrera<\/a><\/div>\n<\/div>\n\n\n\n<blockquote class=\"wp-block-quote has-accent-color has-text-color\">\n<h4 class=\"wp-block-heading has-text-align-center has-accent-color has-text-color\">Complet\u00e1 el formulario de tu carrera y puls\u00e1 Enviar.<\/h4>\n<\/blockquote>\n\n\n\n<p>Luego recibir\u00e1s en tu correo electr\u00f3nico copia de la solicitud&nbsp;(En caso de no recibirla consult\u00e1 en la Preceptor\u00eda, NO vuelvas a completar el formulario).<\/p>\n\n\n\n<p>Imprim\u00ed ese correo o realiz\u00e1 captura de pantalla como probanza ante cualquier inconveniente.<\/p>\n\n\n\n<h2 class=\"wp-block-heading\">Eleg\u00ed tu Carrera para solicitar las Mesas<\/h2>\n\n\n\n<div class=\"wp-block-columns is-layout-flex wp-container-7\">\n<div class=\"wp-block-column is-layout-flow\" style=\"flex-basis:100%\">\n<div class=\"wp-block-group is-layout-constrained\"><div class=\"wp-block-group__inner-container\">\n<div class=\"wp-block-group is-layout-constrained\"><div class=\"wp-block-group__inner-container\">\n<div class=\"wp-block-buttons is-layout-flex\">\n<div class=\"wp-block-button\"><a class=\"wp-block-button__link wp-element-button\" href=\"https:\/\/forms.gle\/BfFywvvj2rywhLXq6\" target=\"_blank\" rel=\"noreferrer noopener\">Tecnicatura en Acompa\u00f1amiento Terap\u00e9utico<\/a><\/div>\n\n\n\n<div class=\"wp-block-button\"><a class=\"wp-block-button__link wp-element-button\" href=\"https:\/\/forms.gle\/Cu2rHNdDmoRLgFuK9\" target=\"_blank\" rel=\"noreferrer noopener\">Tecnicatura en Administraci\u00f3n Contable<\/a><\/div>\n\n\n\n<div class=\"wp-block-button\"><a class=\"wp-block-button__link wp-element-button\" href=\"https:\/\/forms.gle\/v5s175Xgsg4iV5ME6\" target=\"_blank\" rel=\"noreferrer noopener\">Tecnicatura en Turismo<\/a><\/div>\n\n\n\n<div class=\"wp-block-button\"><a class=\"wp-block-button__link wp-element-button\" href=\"https:\/\/forms.gle\/9z3mEvLMuGWRXFkw5\" target=\"_blank\" rel=\"noreferrer noopener\">Tecnicatura en Gu\u00eda de Turismo<\/a><\/div>\n\n\n\n<div class=\"wp-block-button\"><a class=\"wp-block-button__link wp-element-button\" href=\"https:\/\/forms.gle\/XpqsXHCx8TCv6i6k6\" target=\"_blank\" rel=\"noreferrer noopener\">Tecnicatura en Interpretaci\u00f3n y Traducci\u00f3n de Lengua de Se\u00f1as Argentina &#8211; Espa\u00f1a<\/a><\/div>\n\n\n\n<div class=\"wp-block-button\"><a class=\"wp-block-button__link wp-element-button\" href=\"https:\/\/forms.gle\/2CdphvgwyHrVDJom6\" target=\"_blank\" rel=\"noreferrer noopener\">Tecnicatura en publicidad<\/a><\/div>\n<\/div>\n<\/div><\/div>\n\n\n\n<div class=\"wp-block-buttons is-layout-flex\">\n<div class=\"wp-block-button\"><a class=\"wp-block-button__link wp-element-button\" href=\"https:\/\/forms.gle\/zyU61UazTV88akrw9\" target=\"_blank\" rel=\"noreferrer noopener\">Prof. En Educaci\u00f3n Primaria<\/a><\/div>\n\n\n\n<div class=\"wp-block-button\"><a class=\"wp-block-button__link wp-element-button\" href=\"https:\/\/forms.gle\/3CxtoQJaHy7hJqjJA\" target=\"_blank\" rel=\"noreferrer noopener\">Prof. en Educaci\u00f3n Especial<\/a><\/div>\n\n\n\n<div class=\"wp-block-button\"><a class=\"wp-block-button__link wp-element-button\" href=\"https:\/\/forms.gle\/gtadvMBWyenAqg3CA\" target=\"_blank\" rel=\"noreferrer noopener\">Prof. en Educaci\u00f3n Inicial<\/a><\/div>\n\n\n\n<div class=\"wp-block-button\"><a class=\"wp-block-button__link wp-element-button\" href=\"https:\/\/forms.gle\/MQ2tspsnqAJpq8aU7\" target=\"_blank\" rel=\"noreferrer noopener\">Prof. en Ed. Secundaria en Filosof\u00eda<\/a><\/div>\n\n\n\n<div class=\"wp-block-button\"><a class=\"wp-block-button__link wp-element-button\" href=\"https:\/\/forms.gle\/k2bwpHx2kFPTjHD78\" target=\"_blank\" rel=\"noreferrer noopener\">Prof. en Ed. Secundaria en Historia<\/a><\/div>\n\n\n\n<div class=\"wp-block-button\"><a class=\"wp-block-button__link wp-element-button\" href=\"https:\/\/forms.gle\/XJ6PdzoZbUp27JXG8\" target=\"_blank\" rel=\"noreferrer noopener\">Prof. en Ed. Secundaria en Geograf\u00eda<\/a><\/div>\n<\/div>\n<\/div><\/div>\n<\/div>\n<\/div>\n","protected":false},"excerpt":{"rendered":"<p>MESAS DE EXAMEN TURNO FEBRERO 2026 Desde el 02 DE FEBRERO AL 6 DE FEBRERO IMPORTANTE!!! Complet\u00e1 el formulario de tu carrera y puls\u00e1 Enviar. Luego recibir\u00e1s en tu correo electr\u00f3nico copia de la solicitud&nbsp;(En caso de no recibirla consult\u00e1 en la Preceptor\u00eda, NO vuelvas a completar el formulario). Imprim\u00ed ese correo o realiz\u00e1 captura &#8230; <a title=\"Inscripci\u00f3n mesas de examen\" class=\"read-more\" href=\"https:\/\/isfd167-bue.infd.edu.ar\/sitio\/inscripcion-mesas-de-examen\/\" aria-label=\"More on Inscripci\u00f3n mesas de examen\">[+]<\/a><\/p>\n","protected":false},"author":487,"featured_media":0,"parent":0,"menu_order":0,"comment_status":"closed","ping_status":"closed","template":"","meta":[],"acf":[],"_links":{"self":[{"href":"https:\/\/isfd167-bue.infd.edu.ar\/sitio\/wp-json\/wp\/v2\/pages\/1498"}],"collection":[{"href":"https:\/\/isfd167-bue.infd.edu.ar\/sitio\/wp-json\/wp\/v2\/pages"}],"about":[{"href":"https:\/\/isfd167-bue.infd.edu.ar\/sitio\/wp-json\/wp\/v2\/types\/page"}],"author":[{"embeddable":true,"href":"https:\/\/isfd167-bue.infd.edu.ar\/sitio\/wp-json\/wp\/v2\/users\/487"}],"replies":[{"embeddable":true,"href":"https:\/\/isfd167-bue.infd.edu.ar\/sitio\/wp-json\/wp\/v2\/comments?post=1498"}],"version-history":[{"count":7,"href":"https:\/\/isfd167-bue.infd.edu.ar\/sitio\/wp-json\/wp\/v2\/pages\/1498\/revisions"}],"predecessor-version":[{"id":1619,"href":"https:\/\/isfd167-bue.infd.edu.ar\/sitio\/wp-json\/wp\/v2\/pages\/1498\/revisions\/1619"}],"wp:attachment":[{"href":"https:\/\/isfd167-bue.infd.edu.ar\/sitio\/wp-json\/wp\/v2\/media?parent=1498"}],"curies":[{"name":"wp","href":"https:\/\/api.w.org\/{rel}","templated":true}]}}